 7*i**3/6 + 4*i**2 + i + 3. Let d(j) be the first derivative of m(j). Is d(6) prime?
False
Suppose t + 2 + 2 = 0. Let k = t - -26. Is k composite?
True
Is (-2)/(-6) + (-6918)/(-9) prime?
True
Let n(s) = 5*s. Let f be n(1). Suppose r - 110 = 3*p, 5*r - f*p = -0*r + 560. Is r a composite number?
False
Let n(c) = -2*c - 4. Let m be n(-7). Suppose -8*l + m*l - 166 = 0. Is l a prime number?
True
Suppose -2 = -z, 0*z - 8 = 5*o + z. Let v be o/6 + 14/(-3). Is v/(-2*1/4) a prime number?
False
Let t(m) = 5*m**3 - 5*m**2 + 4*m - 5. Is t(4) prime?
True
Suppose 3*z - 3770 = -b, 4*z + 3791 = 8*b - 7*b. Is b a prime number?
True
Let q be (-60)/(-2)*12/8. Suppose 3*a = -w + 1, 5*a + q = w + 2*w. Is w a prime number?
False
Suppose 0 = -2*h - n + 1351, 2699 = 4*h + 3*n - 0*n. Is h a composite number?
False
Let y(x) = -7*x**3 - 2*x - 1. Let k be y(-1). Let b = 10 - k. Suppose -6*n + b*n = -148. Is n composite?
False
Let k = 8 - -1. Is 124/6 - (-3)/k a composite number?
True
Let p(h) = h**2 - h - 13. Is p(13) composite?
True
Suppose -3*k - 5 = -2*k - 3*b, 0 = -4*k - 2*b - 20. Is 2/k + (-112)/(-5) a composite number?
True
Let u(t) = 2*t**3 - 13*t**2 + 8*t + 10. Is u(11) prime?
True
Let h = -2 + 2. Let d(z) be the third derivative of z**6/120 + z**5/60 + z**4/24 + 65*z**3/6 - 2*z**2. Is d(h) prime?
False
Suppose -41 + 3781 = 5*p. Suppose 4*j = 4*m + p, 362 = 2*j - 2*m + 6*m. Is j composite?
True
Let s(u) = 9*u**2 + 2*u - 1. Let y(x) = x - 4. Suppose 4*i = 2*r - 22, -3*r + 5*i + 40 = 2*r. Let d be y(r). Is s(d) composite?
True
Is 2/(-6) - -1 - (-38779)/57 a composite number?
True
Let y = -2082 + 2944. Is y prime?
False
Let i(u) = -u**3 - 4*u**2 - u - 3. Let h(c) = -c + 1. Let x(f) = -2*h(f) - i(f). Let v be x(-3). Is (-1 - -2)/(v/79) composite?
False
Let p = -217 - -376. Is p composite?
True
Let m = 17 + -7. Is ((-5)/m)/(2/(-452)) a prime number?
True
Suppose 5*b - 6996 = -l, b - 6*b + 6994 = -l. Is b prime?
True
Let r(m) = 115 - 3*m - 3*m**2 + 2*m**2 + 2*m + 2*m. Let u(s) = s**2 + 5*s + 4. Let h be u(-4). Is r(h) a composite number?
True
Is 131 - 3 - -1 - -2 prime?
True
Suppose q = -q - 4. Let z be 5 - (-1)/2*q. Suppose -2*i = 4*f + i - 1483, -2*i = z*f - 1486. Is f composite?
False
Let q be 4*((-3)/(-12) - 1). Let y(u) = u + 1. Let z be y(q). Is (-255)/(-12) + z/8 a composite number?
True
Is (-4 + 10)*(-2 + 1364/8) composite?
True
Let o be ((-30)/4)/(2/(-4)). Suppose 0 = -5*p - 0*p - o. Let l(y) = 3*y**2 - 3*y - 1. Is l(p) prime?
False
Let i be 3/(9/(-78)*-1). Let n = -61 - i. Let r = -52 - n. Is r composite?
True
Suppose 0 = 2*j + 2*y - 32, -5*j = 2*y - 6*y - 80. Let l = j + -9. Let v = -5 + l. Is v composite?
False
Suppose 5*s = 2*r - 107, 3*s + 3 + 0 = 0. Is r a composite number?
True
Let c(u) = 9*u**3 + 6*u + 4. Let d be c(-4). Is (2/2)/((-4)/d) prime?
True
Let p(u) = -17*u - 13. Is p(-4) prime?
False
Suppose j - 201 = 100. Is j composite?
True
Let z = -2 + 17. Is z a prime number?
False
Let k = -24 - -14. Is (k/8)/((-3)/156) prime?
False
Suppose -s + 29 = -86. Is s prime?
False
Suppose -z = z - 6. Suppose -p = z, 8*p = 2*c + 3*p - 197. Is c a composite number?
True
Let d be (-3)/1 - (-3 - -2). Let k(r) = -48*r**3 - 2*r**2 + 2*r + 1. Is k(d) composite?
False
Let b be 654/3 + 1 + 0. Let s = -67 + b. Suppose 6*p - s = 4*p + 3*q, -5*q = 4*p - 326. Is p prime?
True
Let h(t) = 28*t**2 - 3*t + 3. Let p be 4/3*18/12. Is h(p) prime?
True
Let s = 557 - -512. Is s composite?
False
Suppose 3*w - 18 + 3 = 0. Is ((-249)/(-12))/(w/20) a prime number?
True
Let w(j) = j**3 - 6*j**2 + 5*j + 3. Let x be w(5). Suppose -p + 236 = -5*i, x*p - 5*i - 669 = 69. Is p a prime number?
True
Let y = -6 - -9. Suppose -y*t + 1519 - 616 = 0. Is t composite?
True
Let r be 63 + ((-1)/(-1) - 2). Suppose r + 74 = 2*d. Is (-2)/(-7) + d/7 a prime number?
False
Suppose 4*t + 1 = 3*m - 2, -4*m + 8 = -4*t. Let y = 6 - 3. Suppose -u + 2*x = -y*u + 52, m*u - 4*x = 85. Is u a composite number?
True
Let o = 8 - 6. Suppose o*g = -q + 255, q = -3*g - 4*q + 386. Is g composite?
False
Let r(h) = -h**2 - 11*h - 13. Let n = 11 - 20. Let s be r(n). Suppose 0 = -3*q - x + 389, -s*x = 3*q + 2*q - 635. Is q composite?
False
Let j be -3*1*(-36)/(-27). Let d(b) = 12*b**2 + 3*b + 5. Is d(j) a prime number?
False
Let w(g) = g**3 + 11*g**2 + 9*g + 11. Is w(-10) a prime number?
False
Suppose -2*q = 5*j - 29, -4*q = -0*q - 2*j + 2. Suppose -5*i + 4*h + 427 = 0, -2*i + q*h + 338 = 2*i. Is i prime?
True
Suppose 26 = 4*t - 22. Let l be (16/t)/(4/6). Suppose -l*u = -56 + 10. Is u prime?
True
Suppose -4*l - 1 - 3 = 0, 3*h + 3*l - 3201 = 0. Suppose 5*r - h = 617. Is r composite?
False
Suppose 0 = 4*x - 5*o + 28, 2 + 10 = 3*o. Is (3 + x - -1)*1 prime?
True
Suppose x + 897 = 5*n, n + x = 149 + 28. Let k(w) = 37*w - 6. Let r be k(-3). Let z = r + n. Is z composite?
True
Suppose -2*z = -125 - 119. Let g be 3/(3/(-65)) + 0. Let o = g + z. Is o a prime number?
False
Suppose 14502 = -0*w + 6*w. Is w a composite number?
False
Suppose s - 242 = -s. Is s a composite number?
True
Let c(i) = 38*i + 17. Is c(10) a prime number?
True
Let y(p) = 6*p - 3. Let c be y(-8). Let i = c - -154. Suppose w - i = 16. Is w a prime number?
False
Let o be (-99)/(-4) - (-1)/4. Suppose 2*y + 5*u = 32, -u + 3 + o = 4*y. Suppose 5*k = -y*a + a + 80, -4*a + 85 = -3*k. Is a a composite number?
False
Let y be 12/20 - 28/5. Let a = 5 + y. Suppose 0 = -a*n - 2*n + 110. Is n a composite number?
True
Is (-2 + 4)/(6/16917) prime?
True
Let u(o) = o**3 - 2*o**2 - 4*o + 3. Let n(b) = b**3 + 6*b**2 - 6*b + 7. Let p be n(-7). Suppose -l + 5*l - 16 = p. Is u(l) a composite number?
False
Is 3/(-12) - 13844/(-16) composite?
True
Suppose 4*j - z + 4 = 22, 3*z = 5*j - 26. Let h = 21 + 3. Suppose -h = -j*a + 16. Is a a composite number?
True
Let h(b) = -b**3 - b**2. Let i be h(2). Let k = -5 + i. Let v = k + 54. Is v composite?
False
Let p(s) = -s**2 + 7*s + 4. Let z be p(7). Let o be 787/z + 3/12. Suppose 3*q = 4*g - o, 0*q - 116 = -2*g - 2*q. Is g a composite number?
False
Let u(k) = 2*k - 1. Let s be u(4). Suppose 5*n - s*n + 106 = 0. Is n prime?
True
Let r = -297 - -784. Is r a prime number?
True
Let i(m) = 10*m**3 + 6*m**2 - 4*m + 22. Let o(p) = 3*p**3 + 2*p**2 - p + 7. Let z(f) = -2*i(f) + 7*o(f). Let d be z(4). Let r = 184 - d. Is r prime?
True
Let j(k) = -k**3 + 3*k**2 + 6*k - 4. Let u be j(4). Suppose u*p = -78 + 26. Let l = 66 + p. Is l prime?
True
Let c(o) = o**2 + 3*o - 5. Let y be c(-5). Let i(g) = -g**3 + 6*g**2 - 6*g + 5. Let b be i(y). Suppose b = r - 59 - 72. Is r composite?
False
Let l = 12 + 35. Suppose 0 = -3*w + 2 - 5. Let q = w + l. Is q a prime number?
False
Let r = 144 + 541. Is r prime?
False
Suppose y - 3*j - 20 = 0, 4*y = 5*y + 4*j + 1. Let o = 15 - y. Suppose 0 = -2*v + 3*i + 62, -o*v - 35 + 159 = 2*i. Is v composite?
False
Let g(l) be the first derivative of -1 - 3*l**2 - 1/3*l**3 + 2*l. Is g(-3) prime?
True
Suppose -3*k + 3474 = 5*l, 3*k + 3*l - 7*l = 3501. Is k prime?
True
Suppose 186 = 3*i - 423. Is i prime?
False
Suppose 0*k + 14 = k - 4*q, -3*k - 33 = 3*q. Let p(i) = -5*i - 8. Let m be p(k). Is (-1 + m)*1/3 composite?
False
Suppose 2*x = 1 + 7. Suppose x*u + 2 = 3*u, 0 = -5*z - 4*u - 8. Suppose -4*m + 28 = -h - 2*h, z = m - 2*h - 2. Is m a prime number?
False
Let q(w) = -10*w - 3. Let v(g) = -3*g - 1. Let j be v(-3). Suppose -u - 11 = 3*s + 5, j = -s - 3*u. Is q(s) prime?
True
Suppose 0 = -5*a - 2*b - 15, -5*a + a = -3*b - 11. Let r(q) be the second derivative of -16*q**3/3 - q**2/2 + q. Is r(a) composite?
False
Is ((-8)/12)/((-2)/669) a composite number?
False
Let o be (1/(-1))/1*-59. Let i be (-4*1)/((-6)/225). Let t = i - o. Is t composite?
True
Suppose 0 = -7*k - 7*k + 31052. Is k a prime number?
False
Let d = -9 + 25. Is (-34)/(-4) - (-8)/d a prime number?
False
Let m be 56 + (-2 - 1) + 2. Suppose 0*a - 3*a = -99. Let n = m - a. Is n prime?
False
Suppose -2*u = 2*f - 5*u - 158, -4*u = 0. Let l = -46 + f. Is l a prime number?
False
Let o(p) = p - 7. Let j be o(9). Suppose 3*t - j*t - 2 = 0. Suppose -t*i + 532 = 2*i. Is i prime?
False
Let z(d) = 2*d**2 + 4*d - 2 + 7*d - 2*d. Let c(u) = -3*u**2 - 19*u + 4. Let f(n) = -3*c(n) - 5*z(n). Is f(5) a prime number?
False
Suppose 4*y = -2*g + 12566, 6*g + 12581 = 4*y + 3*g. Is y a composite nu